9 a prime number?
False
Is 373579 a composite number?
True
Is 35023 composite?
False
Is 12219 a prime number?
False
Is 500629 composite?
False
Is 157397 a prime number?
False
Is 215191 prime?
True
Is 7753 prime?
True
Is 9937 a prime number?
False
Is 121297 prime?
False
Is 64433 prime?
True
Is 495401 prime?
True
Is 520019 prime?
True
Is 16673 composite?
False
Is 76561 composite?
False
Is 16477 a prime number?
True
Is 186071 a composite number?
False
Is 823117 a composite number?
False
Is 123751 a composite number?
True
Is 325667 composite?
False
Is 30242 a prime number?
False
Is 2022469 a prime number?
True
Is 346639 prime?
True
Is 11663 prime?
False
Is 1685 a prime number?
False
Is 571199 composite?
False
Is 276707 a prime number?
True
Is 5779 a prime number?
True
Is 8817 a composite number?
True
Is 8846 prime?
False
Is 20593 a composite number?
False
Is 261809 composite?
True
Is 12097 a prime number?
True
Is 797933 a composite number?
False
Is 211139 a composite number?
True
Is 6317 a composite number?
False
Is 4358 composite?
True
Is 51059 a composite number?
False
Is 495587 a composite number?
False
Is 27323 a composite number?
True
Is 10847 prime?
True
Is 75613 prime?
False
Is 369214 a composite number?
True
Is 154855 a prime number?
False
Is 1567 prime?
True
Is 2155 a composite number?
True
Is 488119 prime?
True
Is 236323 a composite number?
False
Is 60857 composite?
True
Is 1087 composite?
False
Is 3803 composite?
False
Is 5321 prime?
False
Is 10937 a prime number?
True
Is 220217 prime?
True
Is 48403 a composite number?
True
Is 676707 composite?
True
Is 5201 a composite number?
True
Is 3841283 a prime number?
True
Is 86401 a composite number?
True
Is 329611 composite?
True
Is 1061 a prime number?
True
Is 1261927 a composite number?
True
Is 14479 composite?
False
Is 359851 prime?
True
Is 6563 prime?
True
Is 6385 prime?
False
Is 7669 composite?
False
Is 51533 a prime number?
False
Is 342143 composite?
False
Is 1691 a composite number?
True
Is 123463 a prime number?
False
Is 289457 a prime number?
False
Is 3941 a composite number?
True
Is 801769 a prime number?
False
Is 173566 a composite number?
True
Is 180209 a prime number?
False
Is 441661 composite?
True
Is 139813 a composite number?
False
Is 75397 prime?
False
Is 33679 composite?
False
Is 16977 prime?
False
Is 80897 a composite number?
False
Is 13367 composite?
False
Is 44483 prime?
True
Is 2145529 composite?
False
Is 227767 a composite number?
True
Is 156433 a composite number?
True
Is 68689 composite?
True
Is 15551 composite?
False
Is 143947 a prime number?
True
Is 899421 prime?
False
Is 1397 a prime number?
False
Is 40417 composite?
True
Is 1536971 a composite number?
True
Is 309889 a prime number?
False
Is 2967938 a prime number?
False
Is 57983 composite?
True
Is 147841 prime?
False
Is 21005 a prime number?
False
Is 66643 a prime number?
True
Is 6359 composite?
False
Is 9979 prime?
False
Is 1943 a prime number?
False
Is 695171 a composite number?
False
Is 33431 a composite number?
True
Is 178522 composite?
True
Is 3103 prime?
False
Is 90253 prime?
False
Is 113054 composite?
True
Is 12599 prime?
False
Is 1211 a composite number?
True
Is 5227 prime?
True
Is 493 composite?
True
Is 1994929 a prime number?
False
Is 16997 composite?
True
Is 59303 prime?
False
Is 1961 a prime number?
False
Is 462449 a composite number?
True
Is 919 a prime number?
True
Is 13849 a composite number?
True
Is 1333 a prime number?
False
Is 341533 a composite number?
True
Is 1555151 a prime number?
False
Is 12941 composite?
False
Is 4315993 prime?
False
Is 634713 prime?
False
Is 124715 prime?
False
Is 115679 prime?
True
Is 53078 prime?
False
Is 29333 prime?
True
Is 46133 a prime number?
True
Is 2005277 a prime number?
True
Is 77951 prime?
True
Is 5381 a prime number?
True
Is 73913 a composite number?
True
Is 263951 prime?
True
Is 14261 a composite number?
True
Is 22318 prime?
False
Is 39749 a composite number?
False
Is 1151 prime?
True
Is 36493 a composite number?
False
Is 3737383 a prime number?
False
Is 43867 prime?
True
Is 26479 prime?
True
Is 301267 composite?
False
Is 27338 prime?
False
Is 1010237 composite?
False
Is 9689 composite?
False
Is 389761 a prime number?
True
Is 515351 a prime number?
True
Is 877 prime?
True
Is 331871 a composite number?
False
Is 605491 composite?
True
Is 2603 prime?
False
Is 6043 a prime number?
True
Is 204871 prime?
True
Is 178421 a prime number?
False
Is 291713 composite?
True
Is 3071 composite?
True
Is 1023331 a composite number?
True
Is 265789 composite?
True
Is 178355 prime?
False
Is 1218421 a composite number?
False
Is 293173 prime?
True
Is 29917 prime?
True
Is 791941 composite?
True
Is 59329 composite?
True
Is 1269529 a prime number?
True
Is 624487 composite?
False
Is 2417 prime?
True
Is 2153 composite?
False
Is 1316471 prime?
False
Is 34603 composite?
False
Is 208543 a prime number?
False
Is 10663 a composite number?
False
Is 700199 prime?
True
Is 152309 prime?
False
Is 145511 composite?
False
Is 103613 a prime number?
True
Is 18263 prime?
False
Is 21 a composite number?
True
Is 233743 composite?
False
Is 655397 composite?
True
Is 10099 prime?
True
Is 60209 composite?
False
Is 5581 prime?
True
Is 15109 a composite number?
True
Is 2705819 composite?
False
Is 77431 composite?
False
Is 8962 prime?
False
Is 5899 a prime number?
False
Is 2973 a composite number?
True
Is 171007 a composite number?
False
Is 179589 prime?
False
Is 30757 a composite number?
False
Is 38903 a composite number?
False
Is 713 a composite number?
True
Is 373735 prime?
False
Is 1201 a prime number?
True
Is 280741 a composite number?
True
Is 2411 a prime number?
True
Is 1677997 prime?
True
Is 56951 a composite number?
False
Is 529213 a composite number?
False
Is 3833 prime?
True
Is 3061 a prime number?
True
Is 28102 composite?
True
Is 96647 a composite number?
True
Is 106591 prime?
True
Is 54521 a composite number?
False
Is 91367 a prime number?
True
Is 50613 prime?
False
Is 864147 a composite number?
True
Is 455309 a prime number?
True
Is 22223 prime?
False
Is 22478 composite?
True
Is 46321 prime?
False
Is 293203 a prime number?
False
Is 787 a prime number?
True
Is 203027 a composite number?
True
Is 18583 a prime number?
True
Is 5711 a composite number?
False
Is 109805 a prime number?
False
Is 663773 composite?
True
Is 5182 composite?
True
Is 6469 prime?
True
Is 225265 prime?
False
Is 68023 composite?
False
Is 77897 composite?
True
Is 49091 a prime number?
False
Is 266878 composite?
True
Is 142531 a composite number?
True
Is 180733 a composite number?
True
Is 125479 composite?
True
Is 2472107 a prime number?
False
Is 116531 prime?
True
Is 31469 composite?
False
Is 46349 prime?
True
Is 23962 a prime number?
False
Is 60857 a composite number?
True
Is 12289 a composite number?
False
Is 246991 a prime number?
False
Is 1211 a prime number?
False
Is 151057 a composite number?
False
Is 20887 a prime number?
True
Is 34973 prime?
False
Is 45647 prime?
False
Is 803479 prime?
True
Is 172153 a composite number?
False
Is 37489 a prime number?
True
Is 97327 composite?
False
Is 25649 a prime number?
False
Is 59317 a prime number?
False
Is 7453 a composite number?
True
Is 18143 composite?
False
Is 95117 composite?
True
Is 31091 prime?
True
Is 40993 a composite number?
False
Is 373 a prime number?
True
Is 22469 a composite number?
False
Is 456437 a prime number?
False
Is 17623 composite?
False
Is 7639 composite?
False
Is 2598967 a composite number?
True
Is 606139 composite?
True
Is 4283 prime?
True
Is 851471 a prime number?
True
Is 28255 a prime number?
False
Is 23137 composite?
True
Is 7979 a composite number?
True
Is 1339321 prime?
False
Is 528481 a composite number?
True
Is 13771 prime?
False
Is 1537 prime?
False
Is 22843 composite?
True
Is 3141323 prime?
False
Is 6197 prime?
True
Is 840965 a composite number?
True
Is 21557 composite?
False
Is 58657 a prime number?
True
Is 104789 composite?
False
Is 13739 a composite number?
True
Is 2321353 a prime number?
True
Is 27767 composite?
False
Is 57167 prime?
False
Is 69539 composite?
False
Is 31237 a composite number?
False
Is 709 a composite number?
False
Is 313267 a composite number?
False
Is 2046853 composite?
False
Is 80039 composite?
False
Is 297359 composite?
Fal